2259 composite?
True
Is 3091 a composite number?
True
Is 71141 composite?
True
Is 12989 a composite number?
True
Is 26621 a prime number?
False
Is 14221 prime?
True
Is 1439651 composite?
False
Is 2051 composite?
True
Is 1129129 composite?
True
Is 909931 a composite number?
True
Is 3013 composite?
True
Is 88769 a prime number?
False
Is 669 a prime number?
False
Is 4103 prime?
False
Is 45743 a composite number?
True
Is 232187 a composite number?
False
Is 10081 prime?
False
Is 145721 a prime number?
True
Is 5227 prime?
True
Is 299807 a composite number?
False
Is 11279 composite?
False
Is 14811 composite?
True
Is 1511 prime?
True
Is 58757 a prime number?
True
Is 6947 a composite number?
False
Is 2161 a prime number?
True
Is 2351 a prime number?
True
Is 126913 a composite number?
False
Is 1243 a composite number?
True
Is 529727 composite?
True
Is 101411 composite?
False
Is 8059 a prime number?
True
Is 3155303 prime?
True
Is 114547 a composite number?
False
Is 4189 a composite number?
True
Is 18947 a composite number?
False
Is 264289 prime?
True
Is 2940395 a prime number?
False
Is 27323 a prime number?
False
Is 102891 prime?
False
Is 175822 a prime number?
False
Is 8717 a composite number?
True
Is 4893643 a composite number?
False
Is 43867 a composite number?
False
Is 95869 composite?
False
Is 241861 a prime number?
True
Is 164309 prime?
True
Is 13163 a prime number?
True
Is 6469 a composite number?
False
Is 16273 composite?
False
Is 2423 prime?
True
Is 22987 composite?
True
Is 82451 prime?
False
Is 841 composite?
True
Is 246958 a prime number?
False
Is 3457 composite?
False
Is 87251 composite?
False
Is 37159 prime?
True
Is 23549 prime?
True
Is 36581 composite?
True
Is 425081 prime?
False
Is 4441 a composite number?
False
Is 908741 a prime number?
True
Is 175601 a composite number?
False
Is 186391 a prime number?
True
Is 20837 prime?
False
Is 154871 prime?
True
Is 4831 prime?
True
Is 45007 a composite number?
False
Is 58471 a composite number?
True
Is 2419 prime?
False
Is 51043 composite?
False
Is 10411 prime?
False
Is 10533 a prime number?
False
Is 863143 a prime number?
True
Is 394897 prime?
True
Is 41299 a prime number?
True
Is 2300051 composite?
True
Is 317663 prime?
True
Is 49577 composite?
True
Is 1517 a composite number?
True
Is 67549 composite?
True
Is 315481 prime?
True
Is 160837 a composite number?
True
Is 1657 a prime number?
True
Is 179 a prime number?
True
Is 21787 composite?
False
Is 94307 a prime number?
True
Is 6247 a composite number?
False
Is 36913 prime?
True
Is 2199427 a prime number?
True
Is 40159 prime?
False
Is 14566 a prime number?
False
Is 31793 a composite number?
False
Is 31933 a composite number?
True
Is 3163 a prime number?
True
Is 342101 composite?
False
Is 10007 a composite number?
False
Is 29431 prime?
False
Is 50069 composite?
False
Is 271 a composite number?
False
Is 90347 composite?
True
Is 466757 a prime number?
False
Is 90543 prime?
False
Is 3017 prime?
False
Is 1138039 prime?
False
Is 161453 composite?
False
Is 670897 composite?
False
Is 1809857 composite?
True
Is 40345 a composite number?
True
Is 3186427 composite?
False
Is 38149 a composite number?
False
Is 2638079 composite?
True
Is 1057477 a composite number?
False
Is 1704671 a composite number?
False
Is 2719067 composite?
True
Is 3421007 composite?
True
Is 3437207 a prime number?
False
Is 1162009 composite?
False
Is 610009 prime?
False
Is 315251 a prime number?
True
Is 149827 a prime number?
True
Is 172933 a prime number?
True
Is 6539 a composite number?
True
Is 19519 a composite number?
True
Is 347887 a composite number?
False
Is 123121 composite?
False
Is 35201 a prime number?
True
Is 24227 prime?
False
Is 226091 a composite number?
True
Is 28394 composite?
True
Is 182071 prime?
False
Is 120451 composite?
True
Is 51749 prime?
True
Is 14785 prime?
False
Is 4009 composite?
True
Is 98179 prime?
True
Is 9346 prime?
False
Is 9127 composite?
False
Is 242737 a prime number?
False
Is 2833 a composite number?
False
Is 1993 prime?
True
Is 53026 a composite number?
True
Is 131419 prime?
False
Is 102029 a prime number?
False
Is 87827 a composite number?
True
Is 274147 composite?
False
Is 10279 a prime number?
False
Is 42049 a composite number?
True
Is 821 a prime number?
True
Is 14369 prime?
True
Is 1009991 composite?
False
Is 1858495 a prime number?
False
Is 157655 a composite number?
True
Is 120301 prime?
False
Is 165103 a prime number?
True
Is 222193 a composite number?
False
Is 2305 a prime number?
False
Is 382331 a composite number?
False
Is 696659 a prime number?
True
Is 3163 a prime number?
True
Is 11003 a prime number?
True
Is 652567 prime?
True
Is 50773 composite?
False
Is 115459 prime?
True
Is 5964857 composite?
False
Is 542579 prime?
True
Is 29473 composite?
False
Is 965667 composite?
True
Is 10581 a composite number?
True
Is 92413 composite?
False
Is 311323 a prime number?
True
Is 531457 prime?
True
Is 1721 a composite number?
False
Is 80302 composite?
True
Is 6065 composite?
True
Is 66617 a composite number?
False
Is 4751 a composite number?
False
Is 651205 composite?
True
Is 6283 a prime number?
False
Is 16331 composite?
True
Is 21737 a composite number?
False
Is 499229 composite?
False
Is 666421 a prime number?
False
Is 41131 a prime number?
True
Is 2411 a prime number?
True
Is 33257 prime?
False
Is 54751 a composite number?
False
Is 6081 composite?
True
Is 26443 a composite number?
True
Is 2448665 a prime number?
False
Is 87593 a composite number?
True
Is 61531 prime?
False
Is 121211 a composite number?
True
Is 417821 prime?
True
Is 1594 a composite number?
True
Is 19121 composite?
False
Is 28439 a composite number?
False
Is 1224033 composite?
True
Is 157721 prime?
True
Is 2927 a prime number?
True
Is 397999 prime?
False
Is 29553 a composite number?
True
Is 4409 a prime number?
True
Is 613 a prime number?
True
Is 521 a composite number?
False
Is 16711 composite?
True
Is 9235 a composite number?
True
Is 238877 composite?
False
Is 3667 a composite number?
True
Is 14143 composite?
False
Is 4171 composite?
True
Is 34351 composite?
False
Is 25879 a prime number?
False
Is 168117 composite?
True
Is 28387 prime?
True
Is 79969 a prime number?
False
Is 31013 prime?
True
Is 677633 composite?
True
Is 4045 composite?
True
Is 703 prime?
False
Is 2115829 composite?
False
Is 7031 a composite number?
True
Is 11337 composite?
True
Is 14369 composite?
False
Is 205937 composite?
False
Is 176941 a composite number?
True
Is 297601 a prime number?
True
Is 13829 a composite number?
False
Is 130157 prime?
False
Is 1471 prime?
True
Is 1121621 prime?
True
Is 183791 a composite number?
True
Is 105199 prime?
True
Is 6163 a composite number?
False
Is 169729 a composite number?
True
Is 34467 prime?
False
Is 278965 prime?
False
Is 29753 prime?
True
Is 197057 prime?
False
Is 96377 a composite number?
False
Is 1399 prime?
True
Is 16243 composite?
True
Is 2741 composite?
False
Is 27983 composite?
False
Is 332699 a composite number?
False
Is 27847 a prime number?
True
Is 8329 prime?
True
Is 13683 a composite number?
True
Is 3107 a prime number?
False
Is 516389 prime?
False
Is 350657 a composite number?
False
Is 1678837 composite?
False
Is 47777 a composite number?
False
Is 1493869 prime?
False
Is 77635 a prime number?
False
Is 212701 a prime number?
True
Is 152965 composite?
True
Is 9199 composite?
False
Is 55741 composite?
True
Is 684037 composite?
False
Is 258079 composite?
True
Is 531343 composite?
False
Is 805303 a prime number?
False
Is 32603 a composite number?
False
Is 84211 a prime number?
True
Is 65497 a composite number?
False
Is 21178 a prime number?
False
Is 81689 a composite number?
False
Is 3433 a composite number?
False
Is 1009 a prime number?
True
Is 251521 a composite number?
True
Is 18163 prime?
False
Is 410833 a composite number?
False
Is 138089 prime?
False
Is 30341 prime?
True
Is 927439 prime?
True
Is 1715213 a prime number?
True
Is 5807 composite?
False
Is 18385 a prime number?
False
Is 25819 a composite number?
False
Is 725423 prime?
True
Is 1319 prime?
True
Is 38783 a prime number?
True
Is 75929 a prime number?
False
Is 103409 prime?
True
Is 23221 a prime number?
False
Is 107843 composite?
False
Is 294257 composite?
True
Is 259907 a composite number?
False
I